?
13
Let s be 6 - 4 - -1 - 1. Let n(d) = 3*d**2 - 2. Let k be n(s). Calculate the remainder when 20 is divided by (2/(-1))/(k/(-35)).
6
Let i(r) = r**2 - 8*r - 44. Calculate the remainder when 26 is divided by i(-5).
5
Let b = -7 + 3. Let t be ((-26)/b)/((-7)/(-14)). Let y = -2 + t. Calculate the remainder when 32 is divided by y.
10
Let s = 111 + -77. Suppose q = -2*r + 66, -5*r - s = -q + 18. What is the remainder when q is divided by 13?
10
Suppose -14*v = -2*v - 240. What is the remainder when 51 is divided by (11 - 1)/((v/(-6))/(-5))?
6
Let m(d) = -d**3 + 7*d**2 + d. Calculate the remainder when (-4)/(-26) + (9 - (-240)/130) is divided by m(7).
4
Suppose -132 = -2*i + 4*b, 0*b - 137 = -2*i + 3*b. Let m(l) = -l**3 + 10*l**2 + 4*l - 14. What is the remainder when i is divided by m(10)?
24
Let b(x) = 46*x**2 + 8*x - 12*x - 45*x**2 - 13*x + 19. Calculate the remainder when 65 is divided by b(17).
8
Let h(b) = -3 - 1 - 5*b - 5 - b**3 + 9*b**2. Calculate the remainder when h(8) is divided by 4.
3
Suppose -2*g - t + 11 = -1, 5*g - 27 = -t. Suppose -4*i - 6*k + 2*k + 20 = 0, 4*i = g*k - 7. Calculate the remainder when 36 is divided by i/(-4)*-1*38.
17
Let q(m) = 1. Let s(a) = -24*a + 6. Let r(w) = 2*q(w) + s(w). What is the remainder when r(-5) is divided by 26?
24
Suppose k = -5*f - 10, k - 2*k - f + 2 = 0. Suppose -3*z + 133 = -j, 3*z + 21 = 4*z - k*j. What is the remainder when z is divided by 12?
10
Let l(n) = 0 - 11 + n**2 - 27*n + 22*n. Suppose 5*v - 129 = 61. Calculate the remainder when v is divided by l(8).
12
Let y be 32/8 - (0 - 0). Calculate the remainder when 133 is divided by 3/y + (-1575)/(-60).
25
Let n(c) be the third derivative of 0 + 4*c**2 - 1/3*c**4 - c**3 + 0*c. Calculate the remainder when n(-3) is divided by 5.
3
Let f = -156 + 288. Suppose 0 = -20*j + 16*j + f. What is the remainder when j is divided by 9?
6
Suppose 14563 - 4759 = 57*f. What is the remainder when f is divided by 57?
1
Suppose 30*w + 718 = 2998. Let g = -22 + 42. What is the remainder when w is divided by g?
16
Let m(c) = -3*c**3 - 3*c**2 - c + 3. Let x be m(1). Calculate the remainder when 8*x/(-8)*1*5 is divided by 12.
8
Let b = -113 + 433. What is the remainder when b is divided by 3?
2
Let b = -350 - -352. Calculate the remainder when 2 is divided by b.
0
Suppose -88*o = -84*o - 72. What is the remainder when 35 is divided by o?
17
Let x be 1/3 - (3088/12)/4. Let u = 67 + x. What is the remainder when 5 is divided by u?
2
Let i be -75 + ((-12)/(-3))/(-2). Let g = i - -96. Calculate the remainder when g is divided by 13.
6
Let c = 12 - 6. Suppose 3*r = c + 9. Suppose 27 = r*u - 13. What is the remainder when 31 is divided by u?
7
Suppose 9 = 3*j - 54. What is the remainder when 834 is divided by j?
15
Let w = 1756 - 1736. Suppose -f + 72 = -5. Calculate the remainder when f is divided by w.
17
Suppose 13*v = 17*v - 8. Suppose -v*q + 39 = -q. Calculate the remainder when q is divided by 10.
9
Suppose -3*v - 5*d = 5, -3*d + 0 - 3 = -2*v. What is the remainder when 87 is divided by (v - 1)/((-6)/132)?
21
Let a = 506 + -494. What is the remainder when a is divided by 5?
2
Suppose -699 = 2*v - 5*v. Let t(g) = 56*g - 353. Calculate the remainder when v is divided by t(7).
38
Let z = -100 + 221. Calculate the remainder when z is divided by 2.
1
Suppose 2*c + 0*c = 0. Suppose 3*d + 4*b - 13 = c, -14 = -d - 3*d - 2*b. What is the remainder when d is divided by 48/12 + 2 + -5?
0
Let b(z) = -z**3 - 6*z**2 - 7*z - 4. Suppose -3*f = -50 - 40. Suppose -45 = -5*x - 5*y + f, -5*x + 82 = -2*y. What is the remainder when x is divided by b(-5)?
4
Let g(p) = -p - 52. Let m be g(0). Let z = m - -61. Calculate the remainder when z is divided by 2.
1
Let n(u) = -u**2 - 10*u - 4. Let h be n(-9). Suppose -d + h = -4. Calculate the remainder when d is divided by 3.
0
Let q(u) = -u**3 - 6*u**2 - 9*u - 12. Suppose 15 = -10*v - 35. What is the remainder when 20 is divided by q(v)?
4
Let j(z) = z**2 + 7*z. Let h be j(-5). Suppose 0 = -3*i + 4*c, 0 = 5*i - 4*c + 5*c. Let w = i - h. Calculate the remainder when 48 is divided by w.
8
Suppose 4*g - 793 = -3*l, -15*g - 1375 = -5*l - 11*g. Calculate the remainder when l is divided by 86.
13
Suppose -2*k - 1 + 9 = 0. Suppose -78*n + 70 = -77*n. What is the remainder when n is divided by k/14 + 332/14?
22
Let a be 2/(-1) + 38 - -2. Let u = -25 + a. What is the remainder when 24 is divided by u?
11
Let k(v) = v**2 - v + 10. Let i be k(5). What is the remainder when 121 is divided by i + (-3)/3 + 2?
28
Suppose d = 5*t + 31 - 152, d = -5*t + 119. What is the remainder when 215 is divided by t?
23
Let l(s) = -s - 1. Let u be l(-9). Let z = -49 + 86. Calculate the remainder when z is divided by u/(-52) + (-3)/39*-106.
5
Suppose 377 + 595 = 12*y. What is the remainder when 105 is divided by 8/(-6)*y/(-6)?
15
Suppose 6 + 18 = 2*a. Let n(j) = j**3 - 13*j**2 + 10*j + 6. Let d be n(a). Let l = d - -35. What is the remainder when l is divided by 6?
5
Let c(l) = -15*l - 14. Let v(y) = -5*y - 5. Let s(k) = 6*c(k) - 17*v(k). Let f = -3 + 2. Calculate the remainder when s(f) is divided by 2.
0
Suppose 59*y - 330 = 44*y. What is the remainder when 129 is divided by y?
19
Let g(m) = 2*m**2 + 40*m - 440. Suppose 2*c - 3*c + 79 = 0. What is the remainder when c is divided by g(8)?
7
Suppose -33081 = -294*v + 13308 + 63. What is the remainder when v is divided by (8/(-6))/(2/(-24))?
14
Suppose b = -3*c + 593, b + 232 = c + 33. What is the remainder when c is divided by 10?
8
Let a be 6/2 - (-66 + -1 + 5). Suppose 4*q - a = 51. What is the remainder when 57 is divided by q?
28
Let g = 26 - 15. Calculate the remainder when g is divided by 10*(-3 + (-54)/(-15)).
5
Suppose -13*l + 316 = -451. What is the remainder when 87 is divided by l?
28
Let n be (-1 + 2)*(-1 + 5)*1. Calculate the remainder when 5 is divided by (-21 - -11)*(-2)/n.
0
Let d = 116 + -82. Let s = 40 - d. Calculate the remainder when 18 is divided by s.
0
Let b(u) = 1. Let c(d) be the third derivative of -d**4/24 + 5*d**3/2 + d**2. Let f(v) = -4*b(v) + c(v). Calculate the remainder when 3 is divided by f(9).
1
Suppose -5*d + 33*z + 30 = 35*z, 2*d = 5*z - 17. What is the remainder when 170 is divided by d?
2
Suppose 570 = 2*r + 8*r. Let s = -25 + 45. Calculate the remainder when r is divided by s.
17
Suppose -m - 19 + 1 = -2*n, -3*n - 4*m + 16 = 0. Suppose -13 = -5*v + 2. Suppose 0*z + 23 = v*z + 4*j, -3*j = -6. What is the remainder when n is divided by z?
3
Suppose 580*v = 574*v + 150. What is the remainder when 168 is divided by v?
18
Let l = 942 + 423. What is the remainder when l is divided by 57?
54
Suppose -8*u = -2*u + 2*u. Suppose u*c + 332 = 4*c. Calculate the remainder when c is divided by 21.
20
What is the remainder when (21/(-2))/((-36)/216) is divided by 24?
15
Suppose l + n = 4*n + 413, 12 = 3*n. Let f(a) = -300*a - 1. Let y be f(-1). Let d = l - y. Calculate the remainder when d is divided by 32.
30
Let p = -39 + 239. Suppose 54*m = 50*m + p. What is the remainder when m is divided by 9?
5
Let n = -1690 + 1699. Calculate the remainder when 1312 is divided by n.
7
Suppose -2 = 2*q, -3*z + q + 260 = -299. Suppose -7*l + z = -4*l. Suppose 0 = -0*u + 4*u - 84. What is the remainder when l is divided by u?
20
Let a be 6/9*612/8. Suppose 2*l + a = 165. Calculate the remainder when l is divided by 16.
9
Let i(b) = b + 9. Let n be i(-6). Suppose -y + s = -8, y - n*y + 51 = 5*s. What is the remainder when 61 is divided by y?
9
Suppose -3*q - 29 = -116. Let i(l) = 4*l**3 - l**2 - 6*l + 3. Calculate the remainder when i(3) is divided by q.
26
Suppose 9*h = 6*h + 12. Suppose c = -h*c + 4*x + 137, 0 = 3*c - 3*x - 81. What is the remainder when c is divided by 10?
9
Let t(j) = 9*j**2 - 2*j - 3. Suppose 3*i = 2*k + 103, 4*i - 4*k + 22 - 154 = 0. Calculate the remainder when t(3) is divided by i.
35
Suppose 0 = -5*y + 2*x + 58, -4*y - 83 = x - 119. What is the remainder when 72 is divided by y?
2
Suppose -4*g = 3*l - 1756, 0 = 4*g + l + 3*l - 1760. What is the remainder when g is divided by 73?
71
Let g(y) = 4*y**2 - 2. Suppose -70 = -n - 4*n. What is the remainder when g(-2) is divided by n/21 + (-13)/(-3)?
4
Suppose 2 + 2 = -4*m, 23 = 2*g + 5*m. What is the remainder when 823 is divided by g